0. What is the highest common factor of 13 and b?
13
Suppose -5*o = 8*g - 9*g - 396, o - 3*g - 68 = 0. Let v = o + -52. Let s be (2*1)/((-2)/(-196)). Calculate the greatest common divisor of s and v.
28
Let f be 1 + (3 - -4*1). Suppose 3 = 3*h, -w + 3*h + 112 = 11. What is the highest common factor of f and w?
8
Let b be (3*-1)/(0 + -1) - 3. Let j = 24 + b. Suppose j = 4*a + 3*y, 2*a + 3*y = 5*a - 39. Calculate the highest common divisor of 63 and a.
9
Let k(a) = 20*a**3 - 78*a**2 - 22*a - 5. Let z be k(6). What is the highest common divisor of z and 250?
125
Suppose -3*a - 2*y + 378 + 465 = 0, 0 = 5*a - 2*y - 1389. Let h = a + 6. Calculate the highest common divisor of 30 and h.
15
Suppose 5*y - 209 = -174, 4*y - 7125 = -q. Calculate the greatest common factor of 47 and q.
47
Let z(o) = 10*o - 203. Let u be z(35). Calculate the highest common divisor of u and 231.
21
Suppose -d = 11*d. Suppose -7 = z + 3*c - 6*c, d = 2*z + 2*c - 10. What is the highest common factor of 50 and z?
2
Let f = 3055 - 2980. What is the greatest common factor of f and 840?
15
Let o = 81 - 76. Suppose 2*z = 17 - 15, -3*i + 166 = z. Calculate the greatest common divisor of i and o.
5
Suppose -150 = -y - 4*y. Suppose 2*b - 80 = -3*o, 4*b = 5*o - 128 - 42. What is the greatest common factor of o and y?
30
Let t = 2047 - 1144. Suppose 0 = 116*m - 113*m - t. What is the greatest common factor of 43 and m?
43
Suppose -2*i + 8*i = 444. Let v be i + (6/9)/(4/12). Calculate the highest common divisor of v and 57.
19
Let o = 17 - 12. Suppose o*d - 417 = 3*k, k - 2*d + 146 = 2*d. Let g be k/(-3) - (-2)/(-3). Calculate the highest common divisor of 66 and g.
22
Suppose 2*g + 6 = -2*f, -6*f = -3*f + 5*g + 17. Let d be 22/(-2)*(f + -2). Let m = -8258 - -8280. Calculate the greatest common factor of m and d.
11
Suppose 5*w + 3*f = 1916, -1183 + 16 = -3*w + 4*f. Let v = -325 + 340. Suppose -p + 20 = -v. What is the greatest common factor of p and w?
35
Let y be 14 + -13 - 66/(-4)*6. Let x(i) = i**3 + 2*i**2 - 5*i + 7. Let o be x(2). Suppose o*w = 18*w - y. What is the greatest common factor of w and 180?
20
Suppose 3*p - 180 = -0*p. Let s = -222 + 222. Suppose -3*f + 2*k + 20 = s, 3*f - 15 = -f + 5*k. What is the greatest common factor of p and f?
10
Suppose -22*l = -11990 - 13530. What is the greatest common divisor of 600 and l?
40
Let i be 2*9/36*(0/5 - -24). Let w be (-6)/(-15) + (-476)/(-10). What is the greatest common factor of i and w?
12
Suppose -p = -1 + 3, 4*p + 101 = 3*t. Suppose -5*c + z = -135, z = 2*c - 4*z - t. Let u be (4 - c/8)*352. What is the highest common divisor of u and 22?
22
Let a be (-1)/(8/88) - -86. What is the highest common divisor of a and 35?
5
Suppose -4*b = 20, 56 = -0*p - p + b. Let a = -57 - p. Suppose a = 6*r - 32. Calculate the greatest common divisor of r and 15.
3
Let f be (-2460990)/(-2835) - (-4)/(-54). Calculate the highest common divisor of 496 and f.
124
Suppose 485*q + 531 = 488*q. Let b = 52 - -7. Calculate the highest common factor of b and q.
59
Suppose 0 = 2*y + 1 - 5. Suppose t + y = 2*t. Suppose 3*h - 3*n = 12, 0 = t*h + 3*n - 0 - 28. What is the greatest common divisor of 20 and h?
4
Let c be (-6)/(-4)*104/12. Suppose 630 = 12*u - 3*u. Let r = 60 + u. What is the greatest common divisor of r and c?
13
Suppose -3461*n + 153089 = -3516*n + 702594. Calculate the highest common factor of n and 97.
97
Let h be 1/((-1)/(-8) - (-6)/144). Let z be -5*h*-6 - (-22)/11. Calculate the highest common factor of 13 and z.
13
Suppose -5 = -x - 3*h + 4*h, 11 = 3*x + h. Suppose 3*n = -2*p + 29, x*n + 5*p = 9*n - 15. Calculate the highest common factor of 49 and n.
7
Let a(k) be the first derivative of k**2 + 11*k + 1. Let h be a(-2). Let p be (-9)/(-10) - (-5 + (-196)/(-40)). What is the greatest common factor of p and h?
1
Let j be 1224 + ((2 - -4) + -6)/(-2). Suppose -25*b + j = -19*b. What is the highest common divisor of b and 60?
12
Let y = -692 - -693. What is the greatest common factor of 101 and y?
1
Suppose 0 = -165*z + 44*z + 8954. Calculate the greatest common factor of z and 110.
2
Let i(v) = -v**3 + 5*v**2 + 13*v + 16. Let j be i(7). Let n be ((-1)/(-2))/(j/54). What is the highest common divisor of 81 and n?
3
Let y(f) = -3*f - 18. Let s = -10 - -1. Let i be y(s). Let l be (-630)/(-42)*(-33)/(-5). Calculate the highest common factor of i and l.
9
Let s(g) = g**2 - 24*g - 19. Let k be s(17). Let v = 210 + k. What is the highest common divisor of v and 16?
8
Suppose 37*w - 13*w = 14352. Calculate the greatest common divisor of 286 and w.
26
Let x be 4/1 + 681/3. Let g = x - 117. Calculate the greatest common divisor of g and 38.
38
Suppose 33 = -4*h - 5*v, -3*h = -5*v + v + 48. Let i(m) = -m**3 - 13*m**2 - 17*m - 18. Let g be i(h). What is the greatest common divisor of 2 and g?
2
Let f be 2 - (5917/(-11) + 3/(-33)). Suppose -9*z = -684 + f. Let p = -76 + 140. Calculate the greatest common divisor of z and p.
16
Let z be ((-576)/108)/(-4) + (-88)/(-6). What is the greatest common factor of z and 5272?
8
Suppose -5*x - 15 = 0, 2*h + 4*x - 8 = h. Let j = -49 + 228. Suppose 0 = -5*o + r + 899, -2*r - j = -o - r. Calculate the highest common factor of h and o.
20
Let g = 1268 + -450. Suppose 0 = -61*s + 2282 - g. Suppose 120 = 5*d + 30. What is the greatest common factor of s and d?
6
Let b = -22 - -26. Suppose b*t + 0*n - 10 = -2*n, 5 = 5*t - 5*n. Let w be 8970/161 + t/7. What is the highest common factor of w and 7?
7
Suppose 0 = 2215*c - 2227*c + 18480. Calculate the greatest common factor of 2860 and c.
220
Suppose 125 = 17*c + 74. Suppose c*z - 270 = 54. What is the greatest common factor of 468 and z?
36
Suppose 0 = 9*m - 8593 - 1208. Suppose 3*z = 12*z - m. Suppose -2*f - 2*f + 44 = 0. Calculate the highest common factor of f and z.
11
Let f(o) = 2*o + 3*o**2 - 2*o**2 - 17 - 6*o + 8*o. Let n be f(-7). Let t(q) = 12*q**2 - 7*q + 18. Let i be t(2). What is the highest common factor of i and n?
4
Suppose 18 = 2*v + 4*k - 2*k, 4 = -2*k. Suppose 16*r - v*r + w - 10 = 0, 3*r - 2*w - 6 = 0. Calculate the highest common factor of 38 and r.
2
Let f = 178 + -176. Suppose 3*k - 259 = f*k. What is the greatest common divisor of 37 and k?
37
Let s = 403 + -361. Suppose -50*j + s*j + 8600 = 0. Calculate the highest common divisor of 25 and j.
25
Let t be 287 + (-3 - -6) + -1. Suppose -t = -8*a - 1073. Let y be (-8288)/a - 3/(-7). What is the greatest common factor of y and 17?
17
Suppose -7*a + 12*a = 10, -3*b + 36 = -3*a. Suppose -4*i = 5*m - 47, -17*i + b*i + 15 = -3*m. What is the greatest common factor of 24 and i?
8
Let q be 134086/60 + 5/(-30) - 48/(-120). What is the highest common divisor of 15 and q?
15
Suppose 2*f + 0*f + 2 = g, 2*g = 4. Suppose 3*u + 3 = 0, 3*u - 17 = -4*v - f. Suppose -24 = v*p - 84. What is the highest common factor of p and 84?
12
Let r(n) = -509*n + 1581. Let d be r(3). Calculate the highest common divisor of d and 4833.
27
Let m be 3*4/(-30) - 432/45. Let r(l) be the third derivative of -l**4/4 - 3*l**3/2 - 2*l**2. Let y be r(m). Calculate the greatest common divisor of 34 and y.
17
Let f(b) = -14*b + 782. Let a be f(49). Suppose 5*m - 514 - 26 = 0. What is the highest common factor of a and m?
12
Let t = -9639 + 9642. Calculate the highest common factor of t and 291.
3
Let d(k) = k**3 - 6*k**2 - 2*k - 12. Let i be d(10). Let c = 501 - i. What is the greatest common divisor of 35 and c?
7
Suppose 2*q = -5*y + 839, 2*q - 2*y = 1109 - 305. What is the highest common factor of q and 88?
11
Suppose 0 = -c + 10 - 8. Let h be 11 + -9 + 0/(-1*c). What is the highest common factor of 34 and h?
2
Let v = -243197 + 243305. Let g be 28/3 - 3/9. Calculate the greatest common divisor of g and v.
9
Let v(p) = -p**3 - 27*p**2 - p + 33. Let a be v(-28). Calculate the highest common divisor of 195 and a.
65
Let f(o) = 3*o - 14. Suppose -4 - 20 = -4*j + s, -5*s + 18 = 3*j. Let y be f(j). Suppose -2 - 6 = -2*v. Calculate the greatest common factor of y and v.
4
Let j = 3961 - 3849. Calculate the highest common divisor of 10108 and j.
28
Let w(t) = 29*t**2 - 16*t + 157. Let i be w(-9). What is the highest common factor of i and 100?
50
Let d(z) = -2*z**3 + 45*z**2 - 63*z + 87. Let h be d(21). What is the greatest common factor o